alculate the highest common factor of 9 and o.
9
Suppose -k = 2 - 7. Let w be (-8)/(-40) - (-314)/k. Let s = 96 - w. What is the greatest common factor of 11 and s?
11
Suppose 2*q - 159 = -h + 2*h, -9 = -3*h. Let r = 21 + -12. What is the highest common factor of q and r?
9
Suppose 2*a - 4*w - 6 = 0, -5*w = -2*a - a + 8. Suppose -m + 4 = m. What is the highest common divisor of a and m?
1
Let x(f) = f**3 + 5*f**2 + 3*f + 2. Let k be x(-3). Calculate the highest common divisor of k and 11.
11
Let y(x) = x - 2. Suppose -3*z - s = -5, 4*z - 2*s - 24 = s. Let v be y(z). Let k be (8/3)/(v/3). Calculate the highest common divisor of k and 4.
4
Suppose 0 = 4*z + 101 - 389. Calculate the greatest common factor of 18 and z.
18
Let b(a) = a + 16. Let t be b(-5). Calculate the greatest common factor of 22 and t.
11
Let u(a) = -a**2 + 4*a + 4. Let k(r) = 0*r - r - 2 + 2*r. Let i be k(6). Let v be u(i). What is the highest common divisor of 10 and v?
2
Let j(p) = 5*p**2 + p. Let n be j(-1). Let c = 11 + -9. Suppose -3*z = 3*m + c*m - 17, -10 = -2*m + 2*z. Calculate the highest common divisor of n and m.
4
Suppose -k + a + 5 = 0, 2*k = -a + 3 - 8. Suppose k = z - 14 - 7. Let b = 0 + z. What is the highest common divisor of 21 and b?
21
Suppose -4*f = -4*v - 60, 0 = 4*f + f + 2*v - 61. What is the greatest common divisor of f and 117?
13
Let j = 8 + -4. Suppose j = q - 50. Let c be -3 + 15/3 + 4. Calculate the greatest common divisor of c and q.
6
Let q(o) be the second derivative of -7/6*o**3 - 1/12*o**4 + o - 1/2*o**2 + 0. Let f be q(-5). What is the greatest common divisor of f and 9?
9
Suppose 0 = 17*x + 6 - 159. What is the greatest common divisor of x and 99?
9
Let r(x) = -x**2 + 7*x + 4. Let v be r(5). What is the greatest common divisor of v and 42?
14
Let t = -8 - -9. Suppose -3*b + t = -5, 831 = 5*g + 3*b. Let z(i) = -i**3 - i + 15. Let o be z(0). What is the highest common divisor of g and o?
15
Let l = 122 - -43. Let r be (l/(-4))/3*-4. What is the highest common divisor of 11 and r?
11
Suppose 2*n + 2*a + 2*a = 26, 5*n - 3*a - 104 = 0. What is the greatest common factor of 190 and n?
19
Let b(l) = -l**3 - 4*l**2 + 4*l - 5. Let u be b(-5). Suppose u = -j + 6*j - 70. Calculate the greatest common divisor of 14 and j.
14
Let c = 241 - 227. Let v(n) = -4*n - 6. Let k be v(-5). Calculate the greatest common divisor of c and k.
14
Let d = -9 - -44. What is the highest common factor of d and 14?
7
Let d(u) be the first derivative of 2*u**2 - 3*u + 4. Let o be 1*(10 - (-2)/(-2)). Let m be d(o). What is the highest common factor of 22 and m?
11
Suppose 2*r + 84 = 4*d - 0*r, 2*d - 42 = -3*r. Let p = d - 16. Calculate the highest common factor of 35 and p.
5
Suppose s + 5*x = -s + 27, x + 66 = 3*s. What is the highest common divisor of 7 and s?
7
Suppose b - 38 = -3*y + 35, 0 = -5*b + 5. What is the highest common divisor of y and 3?
3
Let o(d) = 4*d + 2. Let a be o(3). What is the greatest common divisor of 35 and a?
7
Suppose 224 = 4*w - 3*h, 7*w = 4*w - h + 168. Calculate the highest common factor of 14 and w.
14
Let m be -5*-3*(-6)/45. Let b be m/((-2)/2) - -2. Let f be ((-6)/b)/((-18)/12). Calculate the greatest common factor of 1 and f.
1
Let o(t) = t**3 + 2*t**2 + t - 1. Let z be o(2). Calculate the greatest common divisor of 17 and z.
17
Suppose -3*k + 4*n - 14 = -5*k, -n + 8 = 5*k. Let l(s) = s**2 + 2*s. Let u be l(-2). Suppose 0 = -4*q - u + 8. What is the greatest common divisor of k and q?
1
Let o(f) = -f**3 + 2*f**2 - f. Let b be o(1). Suppose 0 = -2*y - 2 - 2, b = j + y. Suppose 6*r = 5*r + 2. What is the highest common divisor of j and r?
2
Suppose 68 = 3*q - 4*c, 2*q = -c - 18 + 67. Calculate the greatest common factor of q and 12.
12
Let s = 3 + 6. Calculate the greatest common factor of s and 9.
9
Suppose -5*c = -5*w + 15, 4*w + 3*c - 11 = 36. What is the highest common factor of w and 72?
8
Let v(y) = 2*y + 4. Let f(g) = g**3 - 3*g**2 - 4*g + 3. Let a be f(4). Let q be v(a). Calculate the greatest common divisor of q and 2.
2
Let p = -3 + 3. Suppose 5*o - 2*g - 40 = p, 6*g - 15 = -5*o + 3*g. Calculate the greatest common factor of 2 and o.
2
Let v = 168 + 22. Suppose 0 = 5*p - v - 125. What is the highest common factor of 42 and p?
21
Let j(d) = 16*d. Let w(u) = -559*u. Let h(q) = 104*j(q) + 3*w(q). Let m be h(-9). What is the highest common divisor of m and 13?
13
Suppose -3*b = -5*v - 65, 3*b + 4*v = 5 + 24. Calculate the highest common factor of 135 and b.
15
Let u = -19 + 31. What is the highest common divisor of u and 60?
12
Let g(a) = a**3 - 4*a**2 + 3*a - 1. Let v be g(3). Let s be v/(1/(-1)) - 0. Let q be (0 + s)/(2/12). What is the greatest common divisor of 4 and q?
2
Let b(v) be the first derivative of v**4/4 + 2*v**3/3 - v**2 + 4*v + 1. Let k be b(-3). Let c = 11 - 2. Calculate the highest common divisor of k and c.
1
Let k be (-4 - 0)*4/(-8). Let w = 5 - k. Let m be 1 - (-1 + w)/(-2). What is the highest common divisor of 16 and m?
2
Suppose 3*q = -3*k + 14 + 34, -q + 2 = 0. What is the greatest common factor of k and 126?
14
Suppose 50 = 4*m - 2*a - 38, -4*a - 76 = -3*m. Suppose 0 = -3*t + 6 - 0. Suppose 0 = -t*f + 4*f - 16. What is the greatest common factor of m and f?
4
Suppose 0*g = -g + 14. What is the highest common divisor of 28 and g?
14
Suppose a + 6 = -2. Let z = a - -10. Calculate the greatest common factor of z and 14.
2
Let b(w) = -w**3 + 5*w**2 - 5*w + 4. Let s be b(3). Let y be s/((-21)/(-6))*20. What is the greatest common factor of 100 and y?
20
Let s = -4 + 12. Let o be 4*-3*(-1)/1. What is the highest common factor of o and s?
4
Let i = 1804 - 940. Let v be (-10)/(-3)*i/45. Calculate the highest common divisor of v and 8.
8
Let p be (-24)/(-2) - 20/10. Let f(r) = -25*r. Let m be f(-2). What is the greatest common divisor of m and p?
10
Suppose -3*a - 2*a - 3*z + 141 = 0, -3*z = -5*a + 129. Calculate the greatest common divisor of 135 and a.
27
Let h = -183 - -352. What is the greatest common factor of h and 13?
13
Let x = -185 + 395. Suppose 0 = -0*f - 5*f + x. Let d = 4 + 2. Calculate the greatest common divisor of d and f.
6
Suppose -3*n = -47 - 49. Let w(h) = -35*h + 2. Let i be w(-10). Calculate the greatest common divisor of i and n.
32
Suppose 2*f - 25 - 11 = -2*z, -5*z + 62 = -2*f. Suppose -p - 140 = -5*p. Calculate the greatest common factor of p and z.
7
Let z be 12 + (-9)/(9/4). Calculate the highest common factor of z and 1.
1
Let y(t) = t. Let u be y(3). Calculate the greatest common factor of 3 and u.
3
Let u be (-10)/((2 - -2) + (-84)/20). Calculate the highest common factor of 25 and u.
25
Suppose -6*t = 5*z - t - 80, -5*t = -5*z + 60. Calculate the highest common divisor of z and 140.
14
Suppose 0 = -2*y + 36 - 8. What is the highest common divisor of 35 and y?
7
Let o be -3 + 15*(-1)/(-1). Let p = 6 + o. What is the greatest common divisor of 162 and p?
18
Let h = 27 - 22. Calculate the highest common factor of h and 55.
5
Let o(b) = -b**3 - 7*b**2 + 7*b + 4. Let l be o(-8). Let z = 7 + 1. What is the highest common factor of l and z?
4
Suppose -7 = -o + 1. Let d = 4 - -44. Suppose -3*s + s = -d. What is the greatest common divisor of o and s?
8
Suppose 20 = 3*z + 2*z. Suppose 0 = -v + z*v - 144. Suppose 5*n + 3*o = v, n - 3*n - 2*o = -16. What is the highest common factor of n and 18?
6
Suppose 0 = 3*t - 0 + 3. Let g be -2*6/8*6. Let j = t - g. Calculate the highest common factor of j and 24.
8
Let f be 2 + -4 - (-12)/2. Suppose -3*q + 6 - 3 = u, 0 = 5*q - 5*u - 25. What is the greatest common divisor of f and q?
2
Let n be ((-2)/7)/((-7)/637). What is the greatest common divisor of n and 39?
13
Let d = 10 - 3. Let s(u) = -u**2 + 10*u - 3. Let o be s(d). What is the greatest common divisor of o and 45?
9
Suppose 2*f + d = 32, -4*f + 2*d + 2*d = -52. Suppose -5*z + 9 = -4*a, -17 = -z - 0*z - 3*a. What is the highest common divisor of f and z?
5
Let i be ((-10)/8)/(9/(-72)). Let m = 3 - i. Let p = 9 + m. Calculate the highest common divisor of 3 and p.
1
Let t be (-56)/(-21)*(-6)/(-4). Suppose -t*q + 0*q = -52. What is the highest common divisor of q and 91?
13
Suppose -22 = -3*s + 2. Suppose -2*i = -2*z - 56, -z = 2 - 6. What is the greatest common divisor of s and i?
8
Let k(f) = f*